 be k(5). Let p = j - u. Is p a composite number?
False
Let a = 286 - 945. Let d = -273 - -1497. Let p = d + a. Is p a prime number?
False
Suppose 2*s = 3*w + s - 13, 16 = 2*w + 3*s. Let q = -7 + 9. Suppose 2*z - 2703 = w*d, -q*z = -3*z - 5*d + 1359. Is z prime?
False
Let n be ((-1)/3)/((-6)/18) + 5. Let w = 8 - n. Suppose -w*v - 12315 = -6*v + x, 2*v - 3*x - 6155 = 0. Is v prime?
True
Suppose 8*z + 85 - 85 = 0. Suppose z = 19*y + y - 178460. Is y a composite number?
False
Let n = 10 - 12. Let a be (-2)/n - (-12 + 11) - -2. Is (111/a)/((-74)/16 - -5) composite?
True
Suppose 0 = 5*z + 1364 - 1384, -5*z - 676025 = -5*p. Is p prime?
True
Let y(v) = v**2 - 7*v + 15. Let o(z) = 6*z - 6. Let n be o(2). Let q be y(n). Suppose 7*s + 1262 = q*s. Is s a prime number?
True
Let c = -132119 + 223242. Is c prime?
False
Let k be (-1)/((-3)/(-6)) - (-30)/3. Suppose k = 6*o - 10. Is 205*4 - (o + -4) a composite number?
False
Suppose t + 0*t + 3*z = 0, -5*t = 4*z - 11. Suppose -5*u + 2 = -5*l + 27, 0 = -2*l - t*u. Suppose -4*y - l*y = -4137. Is y prime?
False
Let f(l) = 6 - 30*l + 31*l + 0. Let c be f(17). Is 3806/6*(26 - c) composite?
True
Suppose 0*b + 3*b - 59460 = -3*n, 79275 = 4*n + 5*b. Suppose 0 = 5*h - 5*p - n, 5*h - 19809 = 2*p - p. Is h prime?
False
Is 752950/2 + 187 + -199 a prime number?
True
Let p(z) = 588*z**2 - 97*z + 733. Is p(8) a composite number?
False
Suppose 63*o = 67*o - 172. Suppose -35*i - 10168 = -o*i. Is i prime?
False
Let s be (11 - (-63)/(-6))/((-1)/(-44466)). Let x = 8 + s. Is x composite?
True
Let n(m) = -41*m**3 - 7*m**2 - 6*m - 22. Let v(t) = -14*t**3 - 2*t**2 - 2*t - 7. Let c(f) = -3*n(f) + 8*v(f). Is c(6) prime?
False
Let s = 6442 + 52447. Is s a prime number?
True
Is (230541/5)/((6/385)/((-16)/(-56))) composite?
True
Suppose -4*b - 4 = -2*b. Let u be 120/120 + -4 + 2. Is 302 + (-1 - u - (-1 + b)) prime?
False
Let m(o) = -o**3 + 14*o**2 + 16*o + 9. Let q be m(-6). Suppose -7865 = -3*f - 2*r, -f + 5*r + 1983 + q = 0. Is f a prime number?
True
Let l = 0 - 9. Let y be 4*3/l*3. Is -8 - y - (-223 - 4) prime?
True
Let k be -24*(-10)/135 + (-18)/(-81). Suppose 29901 = 3*a + k*i, 4*a + 39868 = 8*a + 2*i. Is a a prime number?
True
Let n be 1628*4/48*9. Let k = 238 + n. Is k composite?
False
Suppose 19*s - 24*s + 4*l = 92599, 2*s = 4*l - 37030. Let w = s - -49890. Is w prime?
False
Let t = 139 + -139. Suppose 3*i + 6996 = 3*z, -2*z - i - 2*i + 4639 = t. Is z prime?
False
Let x(v) = -1386*v + 803. Is x(-59) prime?
False
Let v = 4348 + 11108. Suppose -v + 908 = -4*x. Is x a composite number?
False
Let v(a) = -49*a. Let r be v(-12). Suppose z = 29 - 300. Let d = r + z. Is d composite?
False
Let s(g) = -1665*g - 580. Let n(a) = 5709*a + 1991. Let x(v) = -16*n(v) - 55*s(v). Suppose 5*f - 10 = 0, 4*c - 8 = 2*f + 8. Is x(c) a composite number?
True
Suppose -295 = -8*c + 13*c. Let t = -59 - c. Suppose 2*x + x = -4*a + 717, t = -3*a + 3*x + 522. Is a a prime number?
False
Let f be (2 + (-8 - -7))*2*18. Is f/(-126) + (-2235)/(-7) a prime number?
False
Let y = -8 - -46. Let m be 77387/y + (-6)/4. Suppose -129 = -2*w + m. Is w a composite number?
True
Suppose 33*l + 594297 - 3977900 = 1819408. Is l composite?
False
Suppose 0 = 5*t + 5*u - 2049040, -3359*t - 2049067 = -3364*t + 4*u. Is t a composite number?
True
Let m(h) = -2*h**2 + 25*h - 68. Let o be m(8). Suppose 0*c - 4 = -o*c, -3*b + 4*c = -3647. Is b a composite number?
False
Let p(l) = 1634*l**2 - 6*l - 33. Suppose j = 5*b + 1, 0 = -4*j + 2*b - 14. Is p(j) a prime number?
False
Let j = 77654 + -29247. Suppose 0 = 26*u - 759 - j. Is u a composite number?
True
Let h be 7728 - (-2)/(-3 + 5). Let w = h - 3518. Is w prime?
True
Let a(z) = -189*z**3 + 12*z**2 + 20*z - 22. Is a(-5) a prime number?
False
Let t = 1318 + 2385. Suppose 0 = 2*y - 2*a - 12934, -2*y - a - t = -16643. Is y composite?
False
Let b(a) = -10*a**2 - 10*a - 4. Let d(v) = -v**2 - 2*v + 1. Let u(n) = -b(n) + 5*d(n). Is u(4) composite?
False
Let y(z) = 27*z - 78. Let i be y(-16). Let a = 4717 - i. Is a prime?
True
Suppose 22*b = b + 1338582. Suppose -2*r + b = -4*c, 9*c + 95648 = 3*r + 10*c. Is r composite?
True
Suppose -7*u + 15 = -4*u. Suppose u*a = -6 - 14. Is a - (-366)/4*2 prime?
True
Suppose 5*r = -5*s + 31915, -2*s = 4*r - 17865 - 7667. Is r composite?
True
Let u(x) = -6*x**3 - x**2 - 2*x - 1. Let g(d) = d**2 + 7*d - 19. Let t be g(-9). Let h be u(t). Suppose 0*s - 444 = -h*s. Is s a composite number?
True
Let y be (27/(-18))/((-2)/72). Suppose y - 6 = -6*g. Is (192/18)/g + 967/3 composite?
True
Let d(n) = n**3 + 9*n**2 + n - 58. Let c be d(-8). Let z(u) = -5817*u + 13. Is z(c) a composite number?
True
Let s be 1 - (16/4*1 + -459). Suppose -s - 7168 = -8*n. Is n composite?
False
Let n be ((-26)/(-39))/((-1)/9). Let b(a) = -906*a + 19. Is b(n) prime?
False
Suppose 0 = -15*b + 7*b + 3040. Let z = 9 + -9. Is -3 - z - b/(-2) a prime number?
False
Let y = 12485 + -39453. Is ((-255)/34)/((-2)/(y/(-6))) a composite number?
True
Let i(j) = 69*j**2 + 780*j + 106. Is i(61) a composite number?
True
Suppose -20 = -5*l - 0*l. Suppose l*d - 3*g - 7556 = 0, -2*d - 5*g + 5492 - 1714 = 0. Suppose 3*p - d = -632. Is p composite?
False
Let x(w) = w**3 + 10*w**2 + 12*w + 20. Let a be x(-7). Suppose 4*d - 5*g = 6718 - a, -d - 3*g = -1646. Is d a composite number?
True
Let d = 18334 - -30681. Is d composite?
True
Let n = -740529 - -1073612. Is n composite?
True
Suppose 93 = 12*m - 7911. Is m composite?
True
Let x(m) = -m**2 + 5*m - 4. Let j be x(3). Let h(a) = 35*a**j - 7*a - 2*a**2 - 17 + 9*a**2. Is h(-4) a prime number?
True
Is 453888 - 16/((-256)/(-176)) a composite number?
False
Suppose -2*a - 7 = -295. Suppose 0 = -3*m + 12, 3*f + 5*m - 41 - a = 0. Let r = 161 - f. Is r composite?
True
Is (2/(-11) - (-128)/2640) + (-150622968)/(-360) composite?
True
Suppose -7819 = 7*i - 111830 + 4632. Is i composite?
False
Suppose -7*y + 2*y + 105 = 0. Suppose 11*n - y = 14*n. Let v(i) = 36*i**2 - 5*i + 24. Is v(n) a composite number?
False
Suppose -116775 = -g - 26*g. Suppose -g - 1529 = -2*d. Is d composite?
False
Suppose s = -8*s - 144. Let g be ((-1)/(-6))/(s/(-96)). Is (-4)/(398/(-394) + g) a composite number?
True
Let b(p) = 1609*p + 3. Suppose 4*d - 27 = -5*d. Suppose -3*m + w + 1 = -d, -2*m - w = -6. Is b(m) a prime number?
True
Let m(r) = -420*r**3 + 27*r**2 - 17*r - 75. Is m(-11) a composite number?
False
Let a(o) = -o**3 - 5*o**2 + 4*o - 16. Let u be a(-6). Suppose -q + 0*q - 5*x + 310 = 0, 596 = 2*q + 2*x. Is q + -4 - -3 - u a composite number?
True
Let n be 0 + -1 + (-18 - -8). Let j = n - -17. Suppose 0 = -3*p - 3*s + 6153, 4*p - s = -j*s + 8202. Is p composite?
False
Let j = -38 - -44. Suppose -6488 - 5182 = -j*q. Suppose -7*z + 932 = -q. Is z a composite number?
True
Suppose 2*o + 23022 = 11*o. Suppose 0 = 9*s - o - 8395. Is s a composite number?
False
Suppose 0 = t + 2*o + 4, 7 = -o + 4. Let k(w) = 539*w**2 + 7*w - 11. Is k(t) composite?
True
Suppose 296*r - 1844063 = 283*r. Is r prime?
True
Let o(u) = -75*u**3 - u**2 - 8*u - 1. Let j(c) = -75*c**3 - 2*c**2 - 7*c - 1. Let t(g) = 5*j(g) - 4*o(g). Is t(-3) a composite number?
False
Let j = 6181931 + -3187596. Is j composite?
True
Suppose -15*t = -13*t - 26. Let o(p) = -p**3 + 13*p**2 + 18. Let x be o(t). Suppose 14*m - x*m + 3140 = 0. Is m composite?
True
Let o be 5*((-52)/20 + 3). Suppose 0 = -o*g - 5*t + 8217, 0 = 3*g - 0*g - 4*t - 12337. Is g composite?
False
Let f = 191 - -294. Is 13/((-1450)/f - -3) a prime number?
False
Let x(d) = 2717*d**2 - 3*d - 4. Let h be x(-2). Let t = -252 - -252. Suppose t = -2*r - g + 3*g + h, 4*r - 3*g - 21740 = 0. Is r composite?
True
Suppose 3*w = -3*w + 12. Is ((-12372)/(-24))/(w/12*3) a composite number?
False
Let q(t) = 11*t - 68. Let v(g) = 5*g - 34. Suppose 0 = -2*b + 11 - 21. Let m(s) = b*v(s) + 2*q(s). Is m(-19) a prime number?
False
Let a = -1740 - -986. Let u = -249 - a. Is u composite?
True
Let h be (3/2)/(6/84). Let g be (-14)/h + (-34)/(-6). Suppose g*o + 25 = 0, 3*v - 4*v + 495 = -2*o. Is v composite?
True
Suppose -4*y + 102012 = 5*d, -4*y + 3*d + 68523 + 33489 = 0. Is y prime?
False
Let z(a) = 489*a**2 - 168*a - 26. Is z(-7) prime?
True
Let j be 2 - 804/(-8)*(-2)/3. Let d = j - -69. Suppose h = d*r + r - 1319, -4*r - 2*h + 1044 = 0. Is r com